{"id":2,"date":"2015-06-01T17:12:02","date_gmt":"2015-06-01T14:12:02","guid":{"rendered":"http:\/\/mixa.fi\/?page_id=2"},"modified":"2025-04-16T13:43:02","modified_gmt":"2025-04-16T10:43:02","slug":"etusivu","status":"publish","type":"page","link":"https:\/\/www.mixa.fi\/","title":{"rendered":"Etusivu"},"content":{"rendered":"<h2 style=\"padding-left: 30px;\"><span style=\"color: #ff0000;\">Odotukset ylitt\u00e4v\u00e4\u00e4 esitystekniikan toteutusta &#8211; jo yli 20 vuoden ajan<\/span><\/h2>\n<ul>\n<li>\n<h3>Tarjoamme johtavaa teknist\u00e4 ajattelua\u00a0ja laadukkaita\u00a0toteutuksia aina\u00a0yksityistilaisuuksista massatapahtumiin.<\/h3>\n<\/li>\n<li>\n<h3>Asiakaskuntamme\u00a0koostuu yritys-, ja kuntasektoreiden lis\u00e4ksi pienemmist\u00e4 yhteis\u00f6ist\u00e4 sek\u00e4 yksityishenkil\u00f6ist\u00e4.<\/h3>\n<\/li>\n<li>\n<h3>Lukuisat tahot luottavat palveluihimme aina silloin kun t\u00e4rke\u00e4 tilaisuus ei saa menn\u00e4 pieleen. Yht\u00e4 monet onnistuvat.<\/h3>\n<\/li>\n<li>\n<h3>Ahkera kouluttautuminen sek\u00e4 uusimpien teknisten ratkaisujen soveltaminen takaa\u00a0Sinulle parasta palvelua<\/h3>\n<\/li>\n<li>\n<h3>Meilt\u00e4 l\u00f6yd\u00e4t ison talon palvelut, sek\u00e4 pienen toimijan\u00a0joustavuuden ja nopeuden samassa paketissa.<\/h3>\n<\/li>\n<li>\n<h3>Tarjoamme alueen monipuolisinta esitystekniikan toteuttamista. P\u00e4\u00e4toiminta-alueemme on koko Suomi, lis\u00e4ksi toteutamme vuosittain useita tuotantoja sek\u00e4 euroopassa ett\u00e4 maailmanlaajuisesti.<\/h3>\n<\/li>\n<\/ul>\n","protected":false},"excerpt":{"rendered":"<p>Odotukset ylitt\u00e4v\u00e4\u00e4 esitystekniikan toteutusta &#8211; jo yli 20 vuoden ajan Tarjoamme johtavaa teknist\u00e4 ajattelua\u00a0ja laadukkaita\u00a0toteutuksia aina\u00a0yksityistilaisuuksista massatapahtumiin. Asiakaskuntamme\u00a0koostuu yritys-, ja kuntasektoreiden lis\u00e4ksi pienemmist\u00e4 yhteis\u00f6ist\u00e4 sek\u00e4 yksityishenkil\u00f6ist\u00e4. Lukuisat tahot luottavat palveluihimme aina silloin kun t\u00e4rke\u00e4 tilaisuus ei saa menn\u00e4 pieleen. Yht\u00e4 monet onnistuvat. Ahkera kouluttautuminen sek\u00e4 uusimpien teknisten ratkaisujen soveltaminen takaa\u00a0Sinulle parasta palvelua Meilt\u00e4 l\u00f6yd\u00e4t ison [&hellip;]<\/p>\n","protected":false},"author":1,"featured_media":0,"parent":0,"menu_order":0,"comment_status":"open","ping_status":"closed","template":"","meta":[],"_links":{"self":[{"href":"https:\/\/www.mixa.fi\/index.php?rest_route=\/wp\/v2\/pages\/2"}],"collection":[{"href":"https:\/\/www.mixa.fi\/index.php?rest_route=\/wp\/v2\/pages"}],"about":[{"href":"https:\/\/www.mixa.fi\/index.php?rest_route=\/wp\/v2\/types\/page"}],"author":[{"embeddable":true,"href":"https:\/\/www.mixa.fi\/index.php?rest_route=\/wp\/v2\/users\/1"}],"replies":[{"embeddable":true,"href":"https:\/\/www.mixa.fi\/index.php?rest_route=%2Fwp%2Fv2%2Fcomments&post=2"}],"version-history":[{"count":23,"href":"https:\/\/www.mixa.fi\/index.php?rest_route=\/wp\/v2\/pages\/2\/revisions"}],"predecessor-version":[{"id":323,"href":"https:\/\/www.mixa.fi\/index.php?rest_route=\/wp\/v2\/pages\/2\/revisions\/323"}],"wp:attachment":[{"href":"https:\/\/www.mixa.fi\/index.php?rest_route=%2Fwp%2Fv2%2Fmedia&parent=2"}],"curies":[{"name":"wp","href":"https:\/\/api.w.org\/{rel}","templated":true}]}}